 -11*k**3 - k. Determine q(h).
-12
Let k(u) = 6*u - 10*u - 7 + 7*u**2 + 6 - 17 + u**3. Determine k(-7).
10
Let b(n) = -10*n + 2. Suppose 5*z - 39 = 2*y, z - 3*z + y = -16. Determine b(z).
-68
Let y(z) = -333 + 307 - 2*z**2 + 6*z + 3*z**2 + 0*z. Determine y(-11).
29
Let b(i) = i**2 - i - 14. Let k be b(-3). Let n(c) = 2 - 5 - 7*c - 5*c**2 + 1 + 3*c. Determine n(k).
-14
Let d(a) be the first derivative of -3*a**2 + 33*a + 3813. Determine d(6).
-3
Suppose 835 = -363*h - 254. Let a(g) = 8*g + 30. Calculate a(h).
6
Let t(v) = 5*v**3 + 14*v**2 - 18*v + 19. Let n(u) = 3*u**3 + 13*u**2 - 16*u + 14. Let x(f) = -3*n(f) + 2*t(f). Determine x(10).
16
Let a(i) = -i**2 - 5*i - 2. Suppose 2*m - 11*m = -99. Suppose -3*v - 4 = m. Give a(v).
-2
Let b(l) = l**2 + 30*l + 77. Let u be b(-28). Suppose -10*s + 19 = -u. Let d(f) = 2*f. Calculate d(s).
8
Let p(n) = -n**3 - 22*n**2 - 31 - 13*n**2 - 34 - 2*n + 11*n**2. Calculate p(-24).
-17
Let y(z) = -z**3 + 4*z**2 - 4*z - 1. Suppose -2*o = -c + 167 - 151, -3*o - 17 = 2*c. Determine y(c).
-1
Let z(h) = 11*h**2 + h + 1. Let u = -151 - -156. Suppose 4 = -4*y - u*x, x = -2*x. Calculate z(y).
11
Let n(r) = -9*r**3 + r**2 - 9*r - 6. Let l(m) = -31*m**3 - 26*m - 23. Let u(s) = 2*l(s) - 7*n(s). Give u(2).
-2
Let y(o) be the third derivative of -o**5/60 - 4*o**4/3 + 93*o**3/2 + 8807*o**2. Calculate y(7).
6
Suppose 1 - 13 = -3*q. Let b(d) = 0 + 15*d - q + 5. Suppose 0 = 5111*v - 6614*v - 1503. Determine b(v).
-14
Let u(q) = q**3 - 29*q**2 - 28*q. Let t be u(30). Let n(s) = t*s**2 - 1 + 2*s + 52*s**2 - 111*s**2. Calculate n(1).
2
Let v(c) = -3*c**2 - 19*c + 13. Let b = 21 - 28. What is v(b)?
-1
Let w = 89 - 84. Suppose w*m - 1 = -2*q, -2*m = 3*m - 2*q + 11. Let f(n) = -8*n**3 + n**2 - 1. Give f(m).
8
Suppose 0 = 4*c - 2*c - 4. Let b(v) = -10 + 5*v**2 - 2*v**2 - c*v**2 + v. Let p(g) = 15*g + 30. Let i be p(-2). Calculate b(i).
-10
Let n(x) = -43*x - 213. Suppose 12*v - 70 = -130. What is n(v)?
2
Let k(i) = 36*i**2 + 15*i - 16*i + 40*i**2 - 1 - 75*i**2 + 21*i. Determine k(-22).
43
Let w be 4/((-16)/43) - 183/(-244). Let d(a) = a**2 + 4*a - 53. What is d(w)?
7
Let w(x) = 7*x**2 - x. Let r be w(-1). Suppose 0 = -13*z + 1 - 1. Let k(p) = z*p - 40 - 2*p + 51. What is k(r)?
-5
Let o = -1258 + 1252. Let j(a) = -a**3 - a**2 + 31*a + 6. What is j(o)?
0
Suppose c + 65 = 6*c. Let b(i) = -i**2 + 14*i - 8. Let g be b(c). Let r(f) = 19 - f - 3 - 13. Calculate r(g).
-2
Let r(q) = q**3 + 4*q**2 - 8*q. Let d = -223 + 253. Suppose 4*a = -a - d. Determine r(a).
-24
Let s be -8*(7 - (-583)/(-88)). Let v(i) be the third derivative of i**3/6 - i**2. Let x(h) = h**2 - 5*h - 1. Let m(z) = s*v(z) - x(z). Calculate m(3).
4
Let f(l) = l**3 + 2*l**2 - 14*l + 28. Let y be f(4). Suppose 69 = -s + y. Let z(t) = t**2. What is z(s)?
1
Let j(k) = 2*k - 3 - 15 - 14 + 32 - 32. Give j(27).
22
Let w be 2/(-6)*(-24 + 9). Suppose h + 1 = 18. Let g(r) = 1 + 5*r**3 - 12*r**2 - h*r**2 - 4*r + 24*r**2 - 4*r**3. Calculate g(w).
-19
Let b(q) = 8*q + 4. Let i(f) = 347*f - 1740. Let u be i(5). Give b(u).
-36
Let g(u) = -u**2 - 6*u - 25. Let p be (-11 - -9)*5/1. Determine g(p).
-65
Let a be 2 + 3 + 7 + 1. Let u(f) = 35 - 5*f - 2*f - a - f**2 - 23. Calculate u(-8).
-9
Suppose -3*r + 381 - 306 = 0. Let z(a) = -a**2 + 5 - 19*a + 7*a + r*a. What is z(13)?
5
Let z(q) = q**2 + 4*q + 2. Let u(v) = v**2 - 8*v - 7. Let s(c) = -c**2 + 8*c + 7. Let a(n) = -5*s(n) - 6*u(n). Let t be a(-1). Determine z(t).
-2
Let i(t) = t**3 + t**2 + t + 34. Suppose 5*p = 2*w + 2, 5*p + 5*w + 5 = 2*p. Let y be p/(((-9)/(-6))/(18/(-12))). Determine i(y).
34
Let t(y) = y**2 - 7*y - 7. Suppose -21*l = 76*l - 30*l - 603. Give t(l).
11
Let r(s) = s + 11. Suppose 7*n + 59 = 311. Suppose 6 = 3*p + n. Calculate r(p).
1
Suppose -3*t - v - 94 = 242, -t - 99 = -4*v. Let r = 119 + t. Let p(g) = -g**2 + 6*g + 8. Give p(r).
-8
Let i(m) = m - 3. Let q(b) = 3*b - 6. Let u(g) = -5*i(g) + 2*q(g). Let f(n) = n**2 - 6*n + 8. Let j = -213 + 215. Let s be f(j). Calculate u(s).
3
Suppose -10*j + 22*j + 1788 = 0. Let l = 147 + j. Let q(r) = -2*r + 3. Calculate q(l).
7
Let t(w) = 17*w. Let m(v) = 3*v - 1. Let a(q) = -5*m(q) + t(q). Let d = 7 + -7. Give a(d).
5
Suppose 201*n + 20 + 181 = 0. Let j(f) = 18*f**2 + 4*f + 3. Determine j(n).
17
Let o(b) = -b**3 - 3*b**2 + 11*b + 4. Let c(z) = 18*z - 635. Let w be c(35). Determine o(w).
-1
Let v(f) = 2*f**3 - 6*f**2 - 5*f + 9. Let g be v(4). Let b be ((-7)/g)/(1/9). Let d(c) = -c + 4*c - 4*c - 3. What is d(b)?
0
Suppose 3*d = -0*g - 4*g + 205, -210 = -4*g + 2*d. Let t = -50 + g. Let a(b) = -6 - 21*b**2 + 20*b**t + 2*b - 6*b. What is a(-4)?
-6
Let o(l) = 466*l**3 - 4*l - 6*l**2 - 187*l**3 - 280*l**3 - 1. What is o(-6)?
23
Let y(f) be the second derivative of f**5/4 - f**3/6 + f**2/2 + 44*f + 5. Let t be (4 + -6)*(0 - -1). Let s = -1 - t. Calculate y(s).
5
Let c = 346 - 780. Let r = c - -437. Let p(n) = -n**3 + n**2 - n. Let m(o) = -5*o**3 + 7*o**2 - 4*o. Let s(l) = -m(l) + 4*p(l). Determine s(r).
0
Let s(u) be the second derivative of u**6/180 + u**5/20 + u**3/6 + 6*u. Let r(n) be the second derivative of s(n). Let q be (-3)/5 - (-476)/(-140). Give r(q).
8
Suppose 163013 = 20*y + 23*y. Let i(g) = g**2 + 0*g**2 + y - 3777 + 9*g. Determine i(-5).
-6
Let f(n) = 3*n**2 - n. Let w be f(1). Suppose 5*m - o + 15 = w*o, 0 = 5*o. Let c(h) = h - 4 - 3*h - h. Give c(m).
5
Let n(v) be the second derivative of v**5/20 - v**4/12 - v**3/2 - v**2 - 2*v. Let m be ((-561)/(-102) - (4 + (0 - -1)))*-4. What is n(m)?
-8
Let i(j) = 10*j**2 + j**3 + 9 + 22*j - 19 + 24*j - 66*j + 25*j. Give i(-9).
26
Suppose w - 3*k - 11 = 17, -3*w + 84 = -2*k. Suppose -4*t = -2 - 6, t + w = 5*r. Let y(x) = -2*x + 3. What is y(r)?
-9
Let v(p) = 5*p**2 - 7*p - 9. Let j be v(3). Suppose 71 = -14*h + j. Let b(d) = -d**3 - 2*d**2 + d. What is b(h)?
28
Let k(t) = -8*t**2 + 47*t - 21. Let c(y) = 2*y + 17. Let m be c(-14). Let w(d) = -3*d**2 + 16*d - 7. Let b(f) = m*w(f) + 4*k(f). Let z = 179 - 191. Give b(z).
-7
Suppose -5*b - 4*h = -145, -h + 3*h + 116 = 4*b. Let q = -22 + b. Let c be q + -6*(-2)/(-4). Let o(s) = s**2 - 5*s + 6. Calculate o(c).
2
Let z(c) = -19*c**2 + 8*c + 24. Let t(n) = -67*n**2 + 23*n + 77. Let h(d) = 2*t(d) - 7*z(d). Determine h(-8).
2
Let r(m) = 6*m - 5. Let v(q) = -3*q + 3. Let o(d) = 2*r(d) + 5*v(d). Suppose -2*y + 507 = -1655. Let z be y/161 - 6/(-21). Calculate o(z).
-16
Let h be (-429)/572 - (33/4 - (-2 - 0)). Let l(c) = c + 15. What is l(h)?
4
Let z = -384 - -387. Suppose 23 = z*k + 4*d - 18, 3*k - d = 16. Let o(y) = y**2 - 7*y - 5. What is o(k)?
-5
Let r be 11525/(-4610)*(0/(-2) - 8/10). Let b(z) = -z**3 + 6*z**2 - 18*z + 20. What is b(r)?
0
Let i(y) = 4*y - 61. Let w = -18832 - -18838. Determine i(w).
-37
Let z(u) = -46*u**2 - 6*u + 181. Let y(o) = 3*o**2 + o - 12. Let x(r) = 15*y(r) + z(r). Suppose 0*t + 16 = 2*t. Determine x(t).
9
Let k(s) = s**2 + 6*s + 5. Let f(t) = 8*t + 122. Let h be f(-16). Calculate k(h).
5
Let l(r) = -355*r - 379*r + 10 + 9 - 17 + 749*r. Suppose v - 2*v - 3 = 0. What is l(v)?
-43
Let k(m) = -7*m**3 + 16*m**2 + 3*m + 23. Let i(w) = 3*w**3 - 7*w**2 - w - 10. Let n(s) = 5*i(s) + 2*k(s). Determine n(2).
-6
Let g(w) = -w**3 + 37*w**2 + 120*w + 11. Let a be g(40). Let u(p) = -p + 10. Give u(a).
-1
Let w(b) = -b + 2. Suppose -5*y = 5*q + 170, 2*y + 0*q + 68 = q. Let s = 90 + y. Let m = -51 + s. What is w(m)?
-3
Let h(g) = 5*g**2 + 68*g - 13. Let i(o) = -o**2 - o - 2. Let c(u) = -h(u) + 4*i(u). Give c(-8).
5
Let t(p) = -2*p**2 + 95 + p**3 + p**2 - 101 - 28226*p + 28231*p. Determine t(2).
8
Let y(p) = -p - 4. Suppose 0 = -4*b + 4*z + 116, 2*b + 2*b - 144 = -3*z. Suppose 0 = -8*d + 5*d + b. Let v = -15 + d. Determine y(v).
0
Let h(q) = -11*q**3 - q**2 - q - 1. Let m(d) be the first derivative of 2*d**3/3 + 87*d**2/2 - 45*d + 147. Let v be m(-44). Calculate h(v).
10
Suppose 0*g - 156 = 3*q - 5*g, -4*g - 12 = 0. Suppose 0 = -v - 3*x + 67, 3*v + 0*v - x = 161. Let l = q + v. Let z(a) = -a**3 - a**2 - 2*a - 2. Determine z(l).
6
Suppose -7*p - 1273 = -1147. Let x(q) = -q**2 - 19*q - 13. Give x(p).
5
Let u be (-3 - -4)*(0 + -1). Let q(w) be the third derivative of 2*w**5/3 + w**4/24 + w**3/6 + 5*w**2 + 6. Calculate q(u).
40
Let x be (-4)/(-8)*(2 + 0). Let f(w) be the third derivative of w**5